 by 2070?
2050
What is the remainder when 1586068 is divided by 396470?
188
Calculate the remainder when 107740 is divided by 371.
150
Calculate the remainder when 598001 is divided by 27178.
85
Calculate the remainder when 2225832 is divided by 248.
32
Calculate the remainder when 60439655 is divided by 1239.
1235
Calculate the remainder when 404573 is divided by 40448.
93
Calculate the remainder when 7531671 is divided by 160244.
203
What is the remainder when 391825 is divided by 1682?
1601
Calculate the remainder when 3174671 is divided by 21.
17
Calculate the remainder when 152599718 is divided by 28.
26
Calculate the remainder when 13084 is divided by 471.
367
What is the remainder when 2211 is divided by 2196?
15
Calculate the remainder when 816971 is divided by 163.
15
Calculate the remainder when 789996452 is divided by 263332147.
11
What is the remainder when 2379482 is divided by 9368?
10
What is the remainder when 4533703 is divided by 1632?
7
What is the remainder when 392268 is divided by 1148?
800
What is the remainder when 3285026 is divided by 15?
11
What is the remainder when 332702 is divided by 20791?
46
Calculate the remainder when 11738159 is divided by 2740.
2739
Calculate the remainder when 227994694 is divided by 19.
14
Calculate the remainder when 28445786 is divided by 9.
8
What is the remainder when 45470 is divided by 56?
54
Calculate the remainder when 65789 is divided by 20760.
3509
What is the remainder when 90216 is divided by 6435?
126
Calculate the remainder when 18218160 is divided by 123.
15
What is the remainder when 9184364 is divided by 122458?
14
Calculate the remainder when 29420409 is divided by 849.
12
What is the remainder when 94111009 is divided by 282?
277
Calculate the remainder when 123070191 is divided by 169.
166
What is the remainder when 1128177 is divided by 125?
52
What is the remainder when 52934528 is divided by 89?
87
What is the remainder when 322808349 is divided by 2832?
2829
Calculate the remainder when 13530962 is divided by 1932994.
4
What is the remainder when 2048577 is divided by 642?
597
Calculate the remainder when 78945 is divided by 1611.
6
What is the remainder when 131157 is divided by 3039?
480
Calculate the remainder when 3696881 is divided by 532.
13
What is the remainder when 4880807 is divided by 1104?
23
Calculate the remainder when 46784 is divided by 378.
290
What is the remainder when 2632754 is divided by 877573?
35
Calculate the remainder when 80320 is divided by 6405.
3460
What is the remainder when 488017 is divided by 487650?
367
Calculate the remainder when 74807 is divided by 896.
439
Calculate the remainder when 171086 is divided by 546.
188
What is the remainder when 525329 is divided by 601?
55
What is the remainder when 5228526 is divided by 1210?
116
What is the remainder when 12514873 is divided by 6257355?
163
Calculate the remainder when 1217695 is divided by 89.
86
Calculate the remainder when 74908 is divided by 96.
28
What is the remainder when 25286423 is divided by 24?
23
Calculate the remainder when 11084064 is divided by 229.
6
Calculate the remainder when 2982748 is divided by 668.
128
What is the remainder when 14602273 is divided by 23?
10
Calculate the remainder when 5393501 is divided by 7828.
9
Calculate the remainder when 18098807 is divided by 102.
29
What is the remainder when 20331903 is divided by 1426?
1421
What is the remainder when 15243255 is divided by 349?
331
Calculate the remainder when 36637107 is divided by 431024.
67
What is the remainder when 86460 is divided by 12351?
3
What is the remainder when 213506 is divided by 213493?
13
Calculate the remainder when 2050232 is divided by 10.
2
Calculate the remainder when 964580 is divided by 87684.
56
Calculate the remainder when 4671249 is divided by 13233.
0
Calculate the remainder when 54816 is divided by 4195.
281
Calculate the remainder when 2369041216 is divided by 139.
137
What is the remainder when 1912334 is divided by 273184?
46
What is the remainder when 2702724 is divided by 900897?
33
What is the remainder when 314874 is divided by 1244?
142
Calculate the remainder when 3559018 is divided by 1094.
236
Calculate the remainder when 1892753 is divided by 2256.
2225
What is the remainder when 3318326 is divided by 3758?
12
What is the remainder when 18392521 is divided by 15774?
37
What is the remainder when 2843693 is divided by 947877?
62
Calculate the remainder when 1242445 is divided by 4834.
107
Calculate the remainder when 149403 is divided by 13517.
716
Calculate the remainder when 1920415 is divided by 302.
299
Calculate the remainder when 4602233 is divided by 4602211.
22
What is the remainder when 1873921533 is divided by 3712?
3709
Calculate the remainder when 1565654 is divided by 113.
39
Calculate the remainder when 904714 is divided by 9239.
8531
What is the remainder when 5044867 is divided by 19?
6
What is the remainder when 1438724 is divided by 68?
48
What is the remainder when 3039615 is divided by 11827?
76
Calculate the remainder when 1429716 is divided by 294.
288
Calculate the remainder when 382102 is divided by 2222.
2140
What is the remainder when 28726382 is divided by 9219?
9197
What is the remainder when 31689589 is divided by 350?
239
Calculate the remainder when 1245993 is divided by 3500.
3493
Calculate the remainder when 2985928 is divided by 248818.
112
What is the remainder when 5421871 is divided by 174897?
64
What is the remainder when 3500539 is divided by 45?
34
What is the remainder when 236244057 is divided by 1460?
1457
Calculate the remainder when 608161 is divided by 43158.
3949
What is the remainder when 15253961 is divided by 549?
545
Calculate the remainder when 3857164 is divided by 315.
304
Calculate the remainder when 2062 is divided by 103.
2
Calculate the remainder when 358530 is divided by 89629.
14
What is the remainder when 53038 is divided by 4029?
661
Calculate the remainder when 43093564 is divided by 224.
220
What is the remainder when 5902063 is divided by 57?
55
Calculate the remainder when 7329094 is divided by 477.
466
What is the remainder when 257053 is divided by 255808?
1245
Calculate the remainder when 765488 is divided by 382083.
1322
What is the remainder when 15361150 is divided by 5120359?
73
What is the remainder when 4689480 is divided by 120242?
42
Calculate the remainder when 306821 is divided by 1240.
541
What is the remainder when 3003826 is divided by 2306?
1414
Calculate the remainder when 8974 is divided by 1083.
310
What is the remainder when 11684 is divided by 160?
4
Calculate the remainder when 74921800 is divided by 18730446.
16
Calculate the remainder when 93481 is divided by 10287.
898
What is the remainder when 19485989 is divided by 85?
79
What is the remainder when 292164 is divided by 700?
264
Calculate the remainder when 714446 is divided by 5.
1
What is the remainder when 82819854 is divided by 23?
5
What is the remainder when 109077 is divided by 18064?
693
Calculate the remainder when 3568685 is divided by 4310.
5
Calculate the remainder when 127903 is divided by 2928.
1999
Calculate the remainder when 20076103 is divided by 3082.
3037
What is the remainder when 16582166 is divided by 127554?
146
What is the remainder when 1125744 is divided by 562819?
106
What is the remainder when 2464795 is divided by 821595?
10
What is the remainder when 93111256 is divided by 3579?
3571
Calculate the remainder when 205954346 is divided by 139.
131
What is the remainder when 9284124 is divided by 45?
39
Calculate the remainder when 189865 is divided by 189366.
499
What is the remainder when 20978 is divided by 1372?
398
What is the remainder when 12867718 is divided by 2355?
2353
What is the remainder when 94666397 is divided by 292?
289
Calculate the remainder when 3519522 is divided by 25.
22
What is the remainder when 1747308 is divided by 387?
3
What is the remainder when 381763191 is divided by 2848979?
5
Calculate the remainder when 657848 is divided by 328542.
764
Calculate the remainder when 1410868 is divided by 5385.
5383
Calculate the remainder when 410175 is divided by 4623.
3351
What is the remainder when 283046 is divided by 30?
26
Calculate the remainder when 1942134